{"id":58,"date":"2017-07-31T10:47:41","date_gmt":"2017-07-31T10:47:41","guid":{"rendered":"http:\/\/www.the-twins.de\/wpcms\/?page_id=58"},"modified":"2023-05-13T13:37:58","modified_gmt":"2023-05-13T11:37:58","slug":"geschichte","status":"publish","type":"page","link":"https:\/\/www.the-twins.de\/wpcms\/de\/geschichte\/","title":{"rendered":"Geschichte"},"content":{"rendered":"<h3>DIE TWINS STORY<\/h3>\n<p>Im Jahre 1980 entschlossen sich Sven Dohrow und Ronny Schreinzer, nachdem sie als Gitarrist bzw. Schlagzeuger schon einige musikalische Erfahrung in diversen Amateurbands gesammelt hatten, gemeinsam ihre musikalische Zukunft in die Hand zu nehmen.&nbsp;Inspiriert wurden die beiden Berliner haupts\u00e4chlich von den damals noch mehr oder weniger unbekannten britischen Bands wie Tubeway Army, OMD oder den fr\u00fchen Depeche Mode.&nbsp;<\/p>\n<p>Der Name &#8220;The Twins&#8221; (Zwillinge) entstand als Ausdruck der Arbeitsweise der beiden, die bis heute noch alles, von der Entstehung eines Songs bis zur fertigen Produktion zu zweit machen. Dies bedeutet also, das die Twins Komponisten, Arrangeure, Produzenten und Interpreten ihrer eigenen Songs waren und sind.&nbsp;<\/p>\n<p>Gleich die erste offizielle Single der Twins, &#8220;The Desert Place&#8221;, wurde in Deutschland zum Diskothekenrenner und kam in die US-Billboard-Dance-Charts. Den grossen Durchbruch erlebte die Gruppe 1983 in Italien, wo der Titel &#8220;Face To Face&#8221; zu einer der bestverkauften Singles des Jahres wurde.&nbsp;<\/p>\n<p>Von nun an war man Stammgast in den dortigen Top Ten mit Titeln wie &#8220;Not The Loving Kind&#8221; und &#8220;Ballet Dancer&#8221;. Bald darauf stellte sich auch der Erfolg in Deutschland ein. Die Titel &#8220;Ballet Dancer&#8221;, &#8220;Love System&#8221; und &#8220;Love In The Dark&#8221; plazierten sich erfolgreich in den Media Control Top-75.&nbsp;<\/p>\n<p>Mit anschliessenden Tourneen durch Europa, die die Twins mit ihrer f\u00fcnfk\u00f6pfigen Liveband durchf\u00fchrten bewiesen sie, das sie nicht eines der \u00fcblichen &#8220;One-Hit Wonders&#8221; waren. Ende 1987 folgte die LP &#8220;Hold On To Your Dreams&#8221;, die u.a. in zehn Konzerten in Moskau und Leningrad vor insgesamt 120.000 Zuschauern pr\u00e4sentiert wurde.&nbsp;<\/p>\n<p>Nach einer sch\u00f6pferischen Pause von mehr als zwei Jahren, in denen sich Ronny und Sven haupts\u00e4chlich mit ihren inzwischen eingerichteten 24-Spur Studios und Fremdproduktionen besch\u00e4ftigten, h\u00e4uften sich die Anfragen von Fans aus allen Teilen Deutschlands nach Tontr\u00e4gern von den Twins, die bereits nicht mehr erh\u00e4ltlich waren.&nbsp;<\/p>\n<p>Anfang 1991 beschlossen die Twins ein Remix-Album zu produzieren das ihre gr\u00f6ssten Hits der 80er Jahre enthielt. Dabei beliessen sie es nicht bei einer Aneinanderreihung alter Titel, sondern stellten ein Album zusammen, das den Charakter der Originalaufnahmen beibehielt ohne zeitgem\u00e4sse Einfl\u00fcsse moderner Dance-Music zu vernachl\u00e4ssigen.&nbsp;<\/p>\n<p>Diese Mixtur und die beiden ausgekoppelten Singles &#8220;Not The Loving Kind&#8221; und &#8220;Ballet Dancer kamen bei alten und neuen Twins-Fans so gut an, das sich die beiden sofort an die Arbeit f\u00fcr das siebente Album &#8220;The Impossible Dream&#8221; machten. Das die Twins mit ihrem Konzept wieder auf dem richtigen Weg sind, bewies der Erfolg der ersten Auskopplung &#8220;Tonight&#8221; der die Twins nach 6 Jahren wieder in die deutschen Top 100 zur\u00fcckbrachte.&nbsp;<\/p>\n<p>F\u00fcr die darauf folgende Single &#8220;Love Is Blind&#8221;, waren Ronny und Sven in London, zur Produktion eines Video-Clips, mit dem sie auch auf internationaler Ebene wieder an ihre bisherigen Erfolge ankn\u00fcpfen.&nbsp;<\/p>\n<p>Wie auch in den vergangenen Jahren, werden die Twins in diesem Jahr wieder einige Auftritte mit ihrer Live-Band absolvieren.&nbsp;<\/p>\n<p>In 2017 begannen Ronny und Sven ein neues Album zu produzieren, welches im Sommer 2018 unter dem Namen &#8220;Living for the Future&#8221; ver\u00f6ffentlicht wurde.<\/p>\n","protected":false},"excerpt":{"rendered":"<p>DIE TWINS STORY Im Jahre 1980 entschlossen sich Sven Dohrow und Ronny Schreinzer, nachdem sie als Gitarrist bzw. Schlagzeuger schon einige musikalische<\/p>\n<p class=\"link-more\"><a class=\"myButt \" href=\"https:\/\/www.the-twins.de\/wpcms\/de\/geschichte\/\">Read More<\/a><\/p>\n","protected":false},"author":1,"featured_media":0,"parent":0,"menu_order":0,"comment_status":"closed","ping_status":"closed","template":"","meta":{"ngg_post_thumbnail":0,"footnotes":""},"class_list":["post-58","page","type-page","status-publish","hentry"],"_links":{"self":[{"href":"https:\/\/www.the-twins.de\/wpcms\/wp-json\/wp\/v2\/pages\/58","targetHints":{"allow":["GET"]}}],"collection":[{"href":"https:\/\/www.the-twins.de\/wpcms\/wp-json\/wp\/v2\/pages"}],"about":[{"href":"https:\/\/www.the-twins.de\/wpcms\/wp-json\/wp\/v2\/types\/page"}],"author":[{"embeddable":true,"href":"https:\/\/www.the-twins.de\/wpcms\/wp-json\/wp\/v2\/users\/1"}],"replies":[{"embeddable":true,"href":"https:\/\/www.the-twins.de\/wpcms\/wp-json\/wp\/v2\/comments?post=58"}],"version-history":[{"count":11,"href":"https:\/\/www.the-twins.de\/wpcms\/wp-json\/wp\/v2\/pages\/58\/revisions"}],"predecessor-version":[{"id":3779,"href":"https:\/\/www.the-twins.de\/wpcms\/wp-json\/wp\/v2\/pages\/58\/revisions\/3779"}],"wp:attachment":[{"href":"https:\/\/www.the-twins.de\/wpcms\/wp-json\/wp\/v2\/media?parent=58"}],"curies":[{"name":"wp","href":"https:\/\/api.w.org\/{rel}","templated":true}]}}